2007838
In base 5, what is 231320 - -114121?
400441
In base 8, what is -10153 - -56133?
45760
In base 4, what is -11 + -1301130313202?
-1301130313213
In base 5, what is -3 + 10104310323?
10104310320
In base 13, what is 16c - -71a96a?
71ab09
In base 8, what is 117607532 - 3?
117607527
In base 10, what is 39 - 38451?
-38412
In base 9, what is 632677 - -24?
632712
In base 6, what is -413330 + 51332?
-321554
In base 9, what is 12067071 - 1?
12067070
In base 8, what is -4623572010 - -5?
-4623572003
In base 7, what is 22241040 - 4?
22241033
In base 12, what is -12 - -1a562740?
1a56272a
In base 3, what is 11020012102211 - 11?
11020012102200
In base 13, what is -5a720 + 18?
-5a705
In base 16, what is -3 - -5a571df?
5a571dc
In base 15, what is -151 + -1ab4a?
-1ac9b
In base 13, what is -46613525 - 4?
-46613529
In base 14, what is 842bd - 4b3?
83c0a
In base 5, what is 11114304 + -143?
11114111
In base 13, what is 5279c0 - ab?
527912
In base 6, what is -15431 + -213224?
-233055
In base 12, what is -24b72a - 30?
-24b75a
In base 2, what is -111011001000 - -10011011111?
-100111101001
In base 12, what is -38 - 31872?
-318aa
In base 12, what is 94ba0 - -455?
95435
In base 16, what is -3d835a9 - -2?
-3d835a7
In base 3, what is 201022001111101100 + -1?
201022001111101022
In base 11, what is -2469 + -3a5a?
-6418
In base 15, what is 15b + -828c?
-8131
In base 13, what is 28563c8 + a?
2856405
In base 15, what is 37 + 9918?
9950
In base 11, what is -3a + 311847?
311808
In base 13, what is 5 - -822a5?
822aa
In base 9, what is 1645864 + -38?
1645825
In base 12, what is 1 - 390b26?
-390b25
In base 9, what is 3845 - -1448?
5404
In base 16, what is 186c9 - 1f?
186aa
In base 11, what is -5 + 1258a967?
1258a962
In base 15, what is 2784 + 50b?
2c90
In base 12, what is 386 + 6518?
68a2
In base 6, what is -100440 - -313?
-100123
In base 13, what is 1a87c + -1?
1a87b
In base 11, what is -5 + -909853?
-909858
In base 2, what is 101010011 - -100101110101?
101011001000
In base 14, what is 629225 + -b?
629218
In base 11, what is -a + 50a2587?
50a2578
In base 12, what is -3a77b9 + -7?
-3a7804
In base 14, what is -26 - 527d26?
-527d4c
In base 4, what is -2331300 + -3133?
-3001033
In base 13, what is -697483 + -11?
-697494
In base 2, what is -1011100010001000110011111101 - 111?
-1011100010001000110100000100
In base 11, what is 78 + -209464?
-209397
In base 15, what is -2 - 1ba0e0a?
-1ba0e0c
In base 12, what is -12 - -1625760?
162574a
In base 9, what is -3828 - -12865?
8036
In base 3, what is 11 + 200111010011100?
200111010011111
In base 11, what is -9768 + -5418?
-14085
In base 11, what is 7 + 53869005?
53869011
In base 15, what is -a1 - 2b83d?
-2b8de
In base 16, what is -4 + -9436c6?
-9436ca
In base 2, what is 100111001101001000011101 - 110?
100111001101001000010111
In base 10, what is 370 + -2266?
-1896
In base 2, what is 11111100 + -1111001000101001?
-1111000100101101
In base 2, what is -10 + 11110101110111111001100?
11110101110111111001010
In base 13, what is 1 + 1670c90a?
1670c90b
In base 7, what is 22 + 21260301?
21260323
In base 13, what is -1 - -14b16?
14b15
In base 7, what is -15542300 - 253?
-15542553
In base 6, what is -115134311 + -345?
-115135100
In base 13, what is 2445c2c - 6?
2445c26
In base 11, what is -473a + -93?
-4822
In base 11, what is 2 - 887452?
-887450
In base 8, what is -42 + 2027474?
2027432
In base 2, what is -11110111010110010101111001 + 110?
-11110111010110010101110011
In base 6, what is -141332 + 223?
-141105
In base 13, what is 255 + -19546?
-192c1
In base 3, what is 1002 + 22220001011022?
22220001012101
In base 9, what is -4738 - 60?
-4808
In base 15, what is -60a - -177b6?
171ab
In base 13, what is 5 - 88655c?
-886557
In base 4, what is -232311 + -100023?
-333000
In base 14, what is -61a - -2dd23?
2d707
In base 5, what is 1010044232310 + -2?
1010044232303
In base 5, what is -100421313 - 111?
-100421424
In base 13, what is -39498b + 1?
-39498a
In base 9, what is 6018 - 8403?
-2374
In base 2, what is -10010110 + -1101000010100101000?
-1101000010110111110
In base 12, what is -417647 - 4?
-41764b
In base 14, what is 55c + -9d82?
-9824
In base 14, what is d8 - a9db1?
-a9cb7
In base 10, what is -56985 - -132?
-56853
In base 15, what is -9ba46 + e8?
-9b94d
In base 9, what is 3 + -1320305?
-1320302
In base 4, what is 1002333301110 - 3?
1002333301101
In base 8, what is 157754604 + 1?
157754605
In base 13, what is -5 - -a517b7?
a517b2
In base 5, what is 214003020 - 20114?
213432401
In base 10, what is -3826 + -115061?
-118887
In base 10, what is 14755 - -16245?
31000
In base 15, what is 1 + -2e5a41?
-2e5a40
In base 14, what is 80 - -17d1?
1871
In base 3, what is -2121 - 1220011021122?
-1220011101020
In base 3, what is 101110201011 - -12102?
101110220120
In base 2, what is -10100100011000 - -100011100000101?
1110111101101
In base 11, what is -64884 + 2221?
-62663
In base 14, what is 2b27 - -12733?
1545a
In base 14, what is -5d + 6a458?
6a3d9
In base 7, what is 12 - -214010541?
214010553
In base 2, what is 100100101000000010110001 - 110?
100100101000000010101011
In base 11, what is 10a7 - 54?
1053
In base 10, what is -209031 - -3?
-209028
In base 12, what is 0 - 1b9616a1?
-1b9616a1
In base 15, what is -3e282a + 0?
-3e282a
In base 2, what is -101 - 10010101011100010000?
-10010101011100010101
In base 10, what is 212654 + -28?
212626
In base 13, what is -1218a24 - 2?
-1218a26
In base 7, what is -23125052062 - -3?
-23125052056
In base 2, what is -10100 - 1110110011101001010?
-1110110011101011110
In base 11, what is 406 - -89342?
89748
In base 14, what is -d880c + 11?
-d87db
In base 8, what is -24 - 2456635?
-2456661
In base 5, what is -244323323 + 3?
-244323320
In base 9, what is -7 - 7712380?
-7712387
In base 13, what is 220676 - 4?
220672
In base 5, what is 21434 - -31344?
103333
In base 4, what is -32323121322 - 10?
-32323121332
In base 6, what is -300141 + 52312?
-203425
In base 14, what is -dbbba50 + -5?
-dbbba55
In base 12, what is -b58 + -14a4a?
-159a6
In base 12, what is 8b4aa + -2268?
89242
In base 3, what is -2022011202011 - -11?
-2022011202000
In base 10, what is -4 + 95733?
95729
In base 8, what is 0 - -117176562?
117176562
In base 16, what is -72153 - 4?
-72157
In base 4, what is -111 + 323132232312?
323132232201
In base 14, what is -3252 + 3179?
-b7
In base 9, what is -627502 - -87?
-627404
In base 7, what is 114 + 56232?
56346
In base 11, what is 5 + 1669338a?
16693394
In base 11, what is 892574 - 0?
892574
In base 13, what is -b3b3 - -4437?
-6c79
In base 10, what is 494622 + 46?
494668
In base 5, what is 3 - 30331023402?
-30331023344
In base 14, what is 39 - -63da3c5?
63da420
In base 7, what is 143526120 + 61?
143526211
In base 8, what is 5450522 - 221?
5450301
In base 3, what is 20021221210120 - 22110?
20021221111010
In base 13, what is -2 + 142c63?
142c61
In base 11, what is -1698 - 6a3?
-2290
In base 4, what is -13102 - 333122?
-1012230
In base 5, what is -13020113230 + 10?
-13020113220
In base 14, what is 151d7cdc - -5?
151d7d03
In base 9, what is -1636262 - 1060?
-1637332
In base 16, what is -14151dfa - 0?
-14151dfa
In base 11, what is -15a5a0010 + -1?
-15a5a0011
In base 12, what is 2 + 21481?
21483
In base 13, what is 286b667 - 5?
286b662
In base 5, what is -33021212 + -1304?
-33023021
In base 15, what is -1764a + 188?
-174b2
In base 13, what is -10 - -1382a0?
138290
In base 5, what is -3 - 33221203?
-33221211
In base 8, what is 4063674 + -23?
4063651
In base 8, what is -2653 - 222561?
-225434
In base 12, what is 4443657 + -1?
4443656
In base 12, what is 29 + 3ba0ab?
3ba118
In base 11, what is -56750363 + 4?
-5675035a
In base 4, what is 100221110 - -3210?
100230320
In base 15, what is -4bc3d - 128?
-4bd66
In base 3, what is -1200102121010010 + -12?
-1200102121010022
In base 14, what is -4 - -33789d74?
33789d70
In base 11, what is 4 - -2068985?
2068989
In base 5, what is 3321 + 11414013?
11422334
In base 14, what is -9ad856 + 1b?
-9ad839
In base 6, what is -525545551 + 13?
-525545534
In base 3, what is 10012102001220011 + -2?
10012102001220002
In base 11, what is 625669 + 6?
625674
In base 2, what is 1000110 + -1110111000000111?
-1110110111000001
In base 15, what is c + c1d6e9?
c1d706
In base 15, what is -3875c - 4?
-38761
In base 10, what 